 4/(-14) - (-309)/d. Let m = -7 - t. What are the prime factors of m?
2
Let o(v) = v**2 + 8*v. Let p be o(-8). Suppose 5*t = h + 16, p = -2*h - 0*h - 4*t + 24. List the prime factors of h.
2
Let k(d) = -d + 3. Let q be k(9). Let b = q + 12. What are the prime factors of b?
2, 3
Let w(z) = -z**3 + 9*z**2 - 10*z - 5. Let l be w(8). Let p = 6 - l. What are the prime factors of p?
3
Suppose y + 3*y = u + 12, 16 = u + 3*y. Suppose -l = -u - 1. Suppose -36 = -5*z + l*o + 19, -5 = -5*o. List the prime factors of z.
2, 3
Let l be (-1 + 7/2)*2. Let d = 2 + 0. Suppose -4 = -d*y - 3*q + 4, 2*y - l*q - 24 = 0. What are the prime factors of y?
7
Let b = -14 + 23. List the prime factors of b.
3
What are the prime factors of (-1)/(3*(-3)/252)?
2, 7
Suppose -y + g = -4, 0 = 3*y + g + 2*g - 6. Suppose y*k - 8 = -k. Suppose -k*a + 21 = a. What are the prime factors of a?
7
Let i = -25 + 51. Suppose -4*o + 3*z - z = -i, 0 = -5*z - 25. List the prime factors of o.
2
Suppose -4*b = -16, h + 18 = 2*h + 2*b. Suppose 2*k + k - 10 = -c, -k = 3*c + h. List the prime factors of k.
5
Let t(f) = -f + 16. Let h(x) be the first derivative of 7*x**2/2 - 1. Let o be h(1). What are the prime factors of t(o)?
3
Let r(o) = 0*o + 17*o**3 + 2*o**2 - 58*o**3 + o. Let k be r(-1). Suppose 6*s = s - 3*q + k, -5*s + q = -46. What are the prime factors of s?
3
Suppose -672 = -c - 3*c. List the prime factors of c.
2, 3, 7
Let k be -6*1/2*-2. Suppose d - k = -d. List the prime factors of d.
3
Let u be 12/5 - (-2)/(-5). Let p be (-2)/(-11) + u/(-11). Suppose -3*z + p*z = -15. List the prime factors of z.
5
Let b = -14 + 21. Let i(z) = z + 6. List the prime factors of i(b).
13
Suppose -15 = -3*a, 4 = 3*z + 5*a - 0. Let i = z - -16. List the prime factors of i.
3
Let c = -108 + 317. What are the prime factors of c?
11, 19
Let c be (-6)/(-8)*1*8. Suppose 3*j + c = 5*j. Suppose -10 = l - j*h, 4*h - 8 = 4*l - 0*h. List the prime factors of l.
2
Let f = 281 + -122. List the prime factors of f.
3, 53
Suppose d - s = 56 - 15, 2*d = -5*s + 82. List the prime factors of d.
41
Let o be -3*(-1 + 93/(-9)). Let l = o - 19. Let q = -4 + l. What are the prime factors of q?
11
Let t be 2/3 + 40/12. Suppose 215 = t*h + h. What are the prime factors of h?
43
Let q = 53 - -149. What are the prime factors of q?
2, 101
Suppose 4*i + 9 = 5*d - 14, -5*d = 3*i - 44. Let g(x) = -3*x + d*x + 0*x. What are the prime factors of g(3)?
2, 3
Suppose 4*d - 38 = 2*d. What are the prime factors of d - -1*(-3 + 0)?
2
Let d = 53 + -16. Suppose -35 = -4*o + d. List the prime factors of o.
2, 3
Suppose -3*q + 5 = 2. Suppose -q = c + 1. Let u = c - -11. List the prime factors of u.
3
Suppose 0 = -3*a + u + 14, a = -0*a + 4*u + 23. Suppose m - 9 + a = 0. Suppose -m*l - 4*x + 20 = -4*l, 0 = 5*x - 5. What are the prime factors of l?
2
Let p be 8/(-5) - 24/(-40). What are the prime factors of (-26)/(-4)*p*-2?
13
Let g(p) be the third derivative of -p**4/4 - 2*p**3/3 - 4*p**2. Let j be g(-4). Suppose 0*v = -2*v + j. List the prime factors of v.
2, 5
Suppose 0 = -4*m + 6 + 6. Let j(y) = -m + y + 3. List the prime factors of j(5).
5
Let n = 30 - 15. Let a = -3 + n. What are the prime factors of a?
2, 3
Let l = 8 - 6. Suppose 2*a - 52 = -4*c, 46 = -0*a + 3*a - l*c. Suppose -3*d + a = -d. What are the prime factors of d?
3
Suppose -65 = -5*h + 5*p + 160, 4*h + 3*p - 201 = 0. Suppose -5*f - 4*g + 47 = 0, -5*g - 5 = 4*f - h. What are the prime factors of f?
7
Let j(q) = q**3 - 3*q**2 + 4. Let x be j(3). Let l = 4 + -2. Suppose -x*o + l*s = -0*s - 30, -2*o + 4*s + 24 = 0. What are the prime factors of o?
2, 3
Let a(i) = -2*i**3 - 2*i**2 - 2*i - 3. Let w = 5 + -9. Let p(d) = -2*d**3 - d**2 - d - 3. Let z(x) = w*p(x) + 3*a(x). List the prime factors of z(2).
7
Let f = 5 - -2. Let q be 1 - 2 - -2 - f. List the prime factors of 30/(-9)*9/q.
5
Suppose -4*d - 309 = -7*d. List the prime factors of d.
103
Let c(r) = -r + 8. Let d be c(6). Suppose x + 1 = -3*k + d*x, -3*k + 4*x = -14. What are the prime factors of (-1)/((-21)/(-12) + k)?
2
Suppose z = n - 13, 0*z - 46 = -4*n + z. Suppose 0*w = 3*y + w - n, -2*w - 11 = -5*y. What are the prime factors of y?
3
Let n(p) = -p**3 + 6*p**2 + 11*p - 8. Let g(f) = f**2 + 7. Let o be g(0). Let h be n(o). Suppose -u + 2*i = 6*i - h, 2*i = 4. What are the prime factors of u?
2, 3
Suppose 0 = 3*p + 28 - 103. List the prime factors of p.
5
Let k be (-30)/(-8)*64/12. Let c = -13 + k. What are the prime factors of c?
7
Let q = 36 + -51. Let j = -7 - q. What are the prime factors of j?
2
Let y be (-168)/18 - (-4)/(-6). Let d = y - -13. What are the prime factors of d?
3
Let g(f) = f**3 + 7*f**2 - 8*f + 5. Let h be g(-8). Suppose -5*x + h*w + 110 = 0, x - 6*x - 4*w + 119 = 0. List the prime factors of x.
23
Suppose -6*o + 548 = 4*k - 4*o, -3*o = 0. List the prime factors of k.
137
Suppose z - 25 = -9. What are the prime factors of z?
2
Suppose 162 = -j + 4*j. What are the prime factors of j?
2, 3
Suppose -r = r. Suppose -2*u + 38 - 2 = r. List the prime factors of u.
2, 3
Let u(b) = -b**2 + 7*b + 9. Let x be u(9). Let g be (x - -7)*14/(-4). What are the prime factors of g/21 + (-130)/(-6)?
2, 11
Suppose u = i + 20, -4*u - i + 75 = -4*i. List the prime factors of (-9)/u - (-39)/15.
2
Let x(g) = 267*g**3 - 1. What are the prime factors of x(1)?
2, 7, 19
Suppose -4 - 1 = -o. List the prime factors of o.
5
Let l(u) = -u**2 + 6*u - 4. Let n be l(6). Let x = n - 10. Let z = -8 - x. List the prime factors of z.
2, 3
List the prime factors of 4/(-10) - 2827/(-55).
3, 17
Suppose 0 = -16*y + 15*y + 92. List the prime factors of y.
2, 23
Suppose x + 4*x - 20 = 4*o, -5*x - 3*o = -55. Suppose -s = 5*w + 3, 2*w - x + 40 = 4*s. List the prime factors of s.
7
Let l(f) = 4*f**2 + 9*f - 4. Let v(j) = -2*j**2 - 4*j + 2. Let c(a) = 3*l(a) + 5*v(a). List the prime factors of c(-5).
13
Suppose 0*q - 5*k = 5*q - 190, 0 = -5*q - k + 182. Let z = -2 + 27. Let w = q - z. List the prime factors of w.
11
Let t be -5*(0 - 1)*-1. Let w(a) = -a**2 - 8*a. List the prime factors of w(t).
3, 5
Suppose 2*j - j = 0. Suppose j*r - 4*r = 0. Suppose r*i = 4*i - 36. List the prime factors of i.
3
Suppose -5*s + 126 = -4*s. What are the prime factors of s?
2, 3, 7
Suppose 5*x + 45 = -5*i, 5*x + 9 = 2*i - 1. Let o = x - -6. What are the prime factors of ((-2)/o)/(-1)*15?
3, 5
Suppose -4*s - 67 - 41 = -2*k, 3*s + k + 76 = 0. List the prime factors of s/(-4)*(-2)/(-1).
13
Let j(o) = o**2 + 9*o - 26. List the prime factors of j(-13).
2, 13
Let z(l) = -l**2 + 5*l + 6. Let h be z(6). What are the prime factors of 13 - (h + 1 - 1)?
13
Suppose -2*r + 4*r - 3*w - 7 = 0, -3*r = -4*w - 10. Suppose -o = -2*m + o + 50, r*o = 0. Let u = -10 + m. What are the prime factors of u?
3, 5
Suppose a - 32 = -4*g + 83, 2*g = 5*a + 85. Suppose p = -2*p + g. List the prime factors of p.
2, 5
What are the prime factors of (8 - -48) + (-2)/1?
2, 3
Let u(i) = i + 14. Let d be u(0). Suppose 0*q = -q + 4. Suppose -5*o + 50 = 5*w, q*o - 14 - d = -3*w. What are the prime factors of w?
2, 3
Let v(y) = y**3 + 10*y**2 + 7*y + 10. Let c be v(-9). Suppose 0 = 2*r - 8 - c. List the prime factors of r.
2, 3
Suppose 2*i = -2*s + 5 - 3, 3*s - 5*i = 27. Suppose -5*d - 10 = -30. Suppose -4*c - 56 = -d*r, s*c = 2*c - 4. What are the prime factors of r?
2, 3
List the prime factors of (6/18)/(2/78).
13
What are the prime factors of (-6 - -7) + 1*28?
29
Suppose -o = g + g - 20, -5*o - 8 = -2*g. List the prime factors of g.
3
Suppose -2 = c - 2*c. Let k be 1 + (-1)/((-1)/c). Suppose -h + 28 = k*h. List the prime factors of h.
7
Suppose 0 = 4*k + 1 - 5. Suppose -6*b + b + k = -3*j, -3 = -j. What are the prime factors of b?
2
Let k = -17 + 41. List the prime factors of k.
2, 3
Let y(d) = d**2 + 5. Let x be y(0). Suppose -5*h + 4*a = -33, -x*h - 2*a + 15 = 3*a. Suppose -h*m = -15 - 15. What are the prime factors of m?
2, 3
Suppose 5*d - 2*b = -0*b + 302, -8 = -2*b. Suppose 0*s + 2*s = d. List the prime factors of s.
31
List the prime factors of 348/16 + ((-22)/8 - -2).
3, 7
Let g(o) = o**2 - 3*o - 6. List the prime factors of g(9).
2, 3
Let j = 1 - -3. Let u = 4 - j. Suppose 5*o - 2*z - 20 = u, 4*z + 3 + 13 = 4*o. What are the prime factors of o?
2
Let t(o) be the second derivative of 3*o**3/2 + 10*o*